{"id":11137,"date":"2025-05-06T21:25:29","date_gmt":"2025-05-06T19:25:29","guid":{"rendered":"https:\/\/agenas-containers.com\/?post_type=product&#038;p=11137"},"modified":"2025-05-06T21:26:13","modified_gmt":"2025-05-06T19:26:13","slug":"robot-tondeuse-husquvarna-automower-450x","status":"publish","type":"product","link":"https:\/\/agenas-containers.com\/index.php\/produit\/robot-tondeuse-husquvarna-automower-450x\/","title":{"rendered":"robot tondeuse husquvarna automower 450x"},"content":{"rendered":"<p>Code: 20000527435nInsTech-N)<br \/>\nL\u2019automower 450X pour les tr\u00e8s grands jardins aux formes complexes.<\/p>\n<p>&nbsp;<\/p>\n<p><em><b>Livraison gratuite<\/b><\/em><\/p>\n<p><em><b>Livr\u00e9: 2 \u2013 3 Jours ouvr\u00e9s<\/b><\/em><\/p>\n<p><strong>Etat : Neuf exp\u00e9dier depuis nos entrep\u00f4ts r\u00e9gionaux fran\u00e7ais<\/strong><\/p>\n<p><strong>Garantie 2 ans<\/strong><\/p>\n","protected":false},"excerpt":{"rendered":"<p>Le robot Husqvarna Automower 450X : Le robot tondeuse pour les grandes surfaces.<br \/>\nL\u2019Automower\u00ae 450X est le robot de tonte id\u00e9al pour de grande surfaces de jardins avec des pelouses s\u00e9par\u00e9es, des arbres, des buissons, des pentes raides et des passages \u00e9troits.<\/p>\n<p>Il tond de jour comme de nuit, qu\u2019il fasse beau ou qu\u2019il pleuve.<\/p>\n<p>L\u2019automower 450X tond sur des pentes jusqu\u2019 \u00e0 45 % et en silence (58 Db(A)).<\/p>\n<p>Il est \u00e9quip\u00e9 de la navigation assist\u00e9e par satellite.<\/p>\n<p>En option:<br \/>\nKit de communication SMS\/GPS: Automower Connect.<\/p>\n<p>Maitrise des terrains difficiles<br \/>\nLes grandes roues permettent une excellente traction, m\u00eame si la surface est lisse et le robot de tonte ma\u00eetrise des pentes jusqu\u2019\u00e0 45%.<\/p>\n<p>Timer m\u00e9t\u00e9o<br \/>\nIl ajuste le temps de travail au taux de croissance du gazon, ce qui signifie:<br \/>\n\u2013 Optimisation des heures de tonte pendant les p\u00e9riode de forte croissance.<br \/>\n\u2013 Par temps ensoleill\u00e9 et sec ou tard dans la saison, la tondeuse passera moins de temps \u00e0 tondre.<\/p>\n<p>Chargement automatique du robot Automower 450X:<br \/>\nLorsque le robot de tonte a besoin de se recharger il retourne sur sa base de chargement tout seul.<\/p>\n<p>Verrouillage par code PIN<br \/>\nLe code PIN permet de verrouiller efficacement l\u2019automower 450X pour plus de s\u00e9curit\u00e9.<\/p>\n<p>Aucune \u00e9mission nocive<br \/>\nRobot de tonte \u00e9lectrique.<\/p>\n<p>Capteurs d\u2019inclinaison<\/p>\n<p>Si l\u2019Automower\u00ae 450X est soulev\u00e9e du sol ou retourn\u00e9e, la tonte s\u2019arr\u00eate aussit\u00f4t et si le robot de tonte rencontre un obstacle il se r\u00e9orientera sans rien endommager.<br \/>\nAlarme antivol:<br \/>\nPour la s\u00e9curit\u00e9 de votre robot (Multiple choix d\u2019activation).<\/p>\n<p>Panneau de contr\u00f4le:<\/p>\n<p>Personnalis\u00e9 le fonctionnement de votre robot de tonte selon vos besoins.<\/p>\n<p>2 c\u00e2bles guide<\/p>\n<p>Les Automower\u2122 haut de gamme sont \u00e9quip\u00e9es de 2 c\u00e2bles guide qui r\u00e9duisent les p\u00e9riodes de recherche de la station.<\/p>\n<p>Points forts du robot tondeuse Automower 450X Husqvarna<br \/>\nSurface de tonte maxi : 5000 m\u00b2 +\/-20% \/ 1,25 acre +\/-20%<br \/>\nRendement horaire : 210 m\u00b2 \/ 2260 pi2<br \/>\nSyst\u00e8me de navigation : Al\u00e9atoire<br \/>\nSyst\u00e8me de rechargement : Automatique<br \/>\nInclinaison maximale dans la zone de travail : 45 % \/ 24 \u00b0<br \/>\nPente maxi en limite de fil : 15 %<br \/>\nCouleur Gris granit<br \/>\nClavier : 19 touches<br \/>\nTableau de bord : Ecran LCD avec menus de param\u00e9trage<br \/>\nSyst\u00e8me de programmation : Oui<br \/>\nType de poign\u00e9e : Integr\u00e9<br \/>\nProfil des roues : Epais<br \/>\nMise \u00e0 jour du logiciel : Oui<br \/>\nSignal de retour \u00e0 la station de charge : Oui<br \/>\nC\u00e2ble p\u00e9riph\u00e9rique : Oui<br \/>\nSuit le c\u00e2ble guide : 3<br \/>\nSyst\u00e8me de recherche : Pentasearch<br \/>\nType de la batterie : Li-ion<br \/>\nCapacit\u00e9 de la batterie : 10,4 Ah<br \/>\nTension de la batterie : 18 V<br \/>\nIntensit\u00e9 : 7 A<br \/>\nTemps moyen de chargement : 75 mn<br \/>\nTemps moyen de tonte par charge : 260 mn<br \/>\nConsommation d\u2019\u00e9nergie moyenne pour une utilisation maximale : 23 kWh par mois \u00e0 5000 m\u00b2 \/ 23 kWh par mois<br \/>\nConsommation d\u2019\u00e9nergie pendant la coupe : 35 W<br \/>\nType du moteur d\u2019avancement : Ultrasilent drive, Brushless DC motor<br \/>\nType du moteur d\u2019entra\u00eenement des lames : 3- phase brushless DC motor<br \/>\nSyst\u00e8me de coupe : 3 pivoting razor blades<br \/>\nHauteur de coupe, mini-maxi : 20 \u2013 60 mm \/ 0,79 \u2013 2,36 inch<br \/>\nLargeur de coupe : 24 cm \/ 9,45 inch<br \/>\nNiveau sonore mesur\u00e9: 58 dB(A), garanti: 59 dB(A)<br \/>\nAlarme : Oui<br \/>\nCode PIN : Oui<br \/>\nVerrouillage de l\u2019installation : Oui<br \/>\nParam\u00e8tres de fermeture : Oui<br \/>\nCommunication GPS : Oui<br \/>\nCapteur de soul\u00e8vement : Oui<br \/>\nCapteur d\u2019inclinaison : Oui<br \/>\nCapteur \u00e0 ultrasons : Oui<\/p>\n","protected":false},"featured_media":11266,"comment_status":"open","ping_status":"closed","template":"","meta":[],"product_brand":[],"product_cat":[138],"product_tag":[],"class_list":{"0":"post-11137","1":"product","2":"type-product","3":"status-publish","4":"has-post-thumbnail","6":"product_cat-tondeuse-robot","8":"first","9":"instock","10":"sale","11":"shipping-taxable","12":"purchasable","13":"product-type-simple"},"jetpack_sharing_enabled":true,"_links":{"self":[{"href":"https:\/\/agenas-containers.com\/index.php\/wp-json\/wp\/v2\/product\/11137","targetHints":{"allow":["GET"]}}],"collection":[{"href":"https:\/\/agenas-containers.com\/index.php\/wp-json\/wp\/v2\/product"}],"about":[{"href":"https:\/\/agenas-containers.com\/index.php\/wp-json\/wp\/v2\/types\/product"}],"replies":[{"embeddable":true,"href":"https:\/\/agenas-containers.com\/index.php\/wp-json\/wp\/v2\/comments?post=11137"}],"version-history":[{"count":1,"href":"https:\/\/agenas-containers.com\/index.php\/wp-json\/wp\/v2\/product\/11137\/revisions"}],"predecessor-version":[{"id":11267,"href":"https:\/\/agenas-containers.com\/index.php\/wp-json\/wp\/v2\/product\/11137\/revisions\/11267"}],"wp:featuredmedia":[{"embeddable":true,"href":"https:\/\/agenas-containers.com\/index.php\/wp-json\/wp\/v2\/media\/11266"}],"wp:attachment":[{"href":"https:\/\/agenas-containers.com\/index.php\/wp-json\/wp\/v2\/media?parent=11137"}],"wp:term":[{"taxonomy":"product_brand","embeddable":true,"href":"https:\/\/agenas-containers.com\/index.php\/wp-json\/wp\/v2\/product_brand?post=11137"},{"taxonomy":"product_cat","embeddable":true,"href":"https:\/\/agenas-containers.com\/index.php\/wp-json\/wp\/v2\/product_cat?post=11137"},{"taxonomy":"product_tag","embeddable":true,"href":"https:\/\/agenas-containers.com\/index.php\/wp-json\/wp\/v2\/product_tag?post=11137"}],"curies":[{"name":"wp","href":"https:\/\/api.w.org\/{rel}","templated":true}]}}